{"id":5,"date":"2024-03-11T12:33:18","date_gmt":"2024-03-11T11:33:18","guid":{"rendered":"http:\/\/tantra-allegria.fr\/?page_id=5"},"modified":"2025-08-18T14:31:32","modified_gmt":"2025-08-18T12:31:32","slug":"lassociation-tantra-allegria","status":"publish","type":"page","link":"https:\/\/tantra-allegria.fr\/index.php\/lassociation-tantra-allegria\/","title":{"rendered":"L&#8217;association Allegria"},"content":{"rendered":"<div class=\"wp-block-image\">\n<figure class=\"aligncenter size-full\"><img loading=\"lazy\" decoding=\"async\" width=\"186\" height=\"227\" src=\"https:\/\/tantra-allegria.fr\/wp-content\/uploads\/2025\/04\/logo_Allegria_couleur_ecran_PETIT-1.jpg\" alt=\"\" class=\"wp-image-150\"\/><\/figure>\n<\/div>\n\n\n<p><strong>Pr\u00e9sentation de l&#8217;association<\/strong> <br>L&#8217;association Allegria est une association localis\u00e9e dans le Finist\u00e8re sud. C&#8217;est une association la\u00efque dans la mouvance du n\u00e9o-tantra qui a pour but d\u2019organiser des activit\u00e9s et s\u00e9jours portant sur la d\u00e9couverte de pratiques corporelles et relationnelles comme la danse, le massage et la m\u00e9ditation. Elle est ouverte \u00e0 toutes les personnes majeures int\u00e9ress\u00e9es, de tous \u00e2ges, ethnies, patrimoines culturels et religieux, groupes socio-\u00e9conomiques, orientations sexuelles et identit\u00e9s de genre<\/p>\n\n\n\n<p><strong>Des b\u00e9n\u00e9voles de l&#8217;association organisent r\u00e9guli\u00e8rement<\/strong>&nbsp;:<br>&#8211; des s\u00e9jours tantra autog\u00e9r\u00e9s qui ont lieu le plus souvent sur des week-ends<br>&#8211; des initiations au Tantra avec quatre niveaux propos\u00e9s, chaque niveau donnant lieu \u00e0 une journ\u00e9e de rencontre tantra.<br>L&#8217;association propose \u00e9galement, en collaboration avec l&#8217;association Medit&#8217;Entr&#8217;Amis des activit\u00e9s centr\u00e9es sur la pratique de la m\u00e9ditation de pleine conscience.<\/p>\n\n\n\n<p><strong>Le but de l\u2019association<\/strong> <br>Le but de l\u2019association est d\u2019aider ses membres \u00e0 cheminer vers l&#8217;\u00e9veil en utilisant les m\u00e9thodes du tantra. L&#8217;\u00e9veil, c&#8217;est la sagesse, c&#8217;est savoir \u00eatre pleinement pr\u00e9sent , \u00eatre dans l&#8217;acceptation de ce qui est, accepter l&#8217;impermanence des choses, \u00eatre dans la bienveillance, la compassion, l&#8217;\u00e9quanimit\u00e9, la joie de voir les autres heureux. Le n\u00e9o-tantra insiste sur le fait que pour avoir de bonnes relations avec soi m\u00eame et avec les autres, nous devons nous lib\u00e9rer des conditionnements nocifs entourant en particulier notre \u00e9nergie sexuelle et notre sexualit\u00e9. <\/p>\n\n\n\n<p><strong>Quelques caract\u00e9ristiques de l&#8217;association<\/strong> <br>L\u2019association Allegria : <br>&#8211; encourage le partage et l\u2019acquisition de nouvelles comp\u00e9tences entre membres de l&#8217;association <br>&#8211; a une pr\u00e9f\u00e9rence pour la gratuit\u00e9 totale de ses activit\u00e9s <br>&#8211; adopte un mode de vie communautaire lors des activit\u00e9s qu&#8217;elle propose <br>&#8211; consid\u00e8re la bienveillance, le respect de soi et de l&#8217;autre comme des qualit\u00e9s essentielles<br>&#8211; consid\u00e8re l&#8217;\u00e9go comme ne devant pas occuper la premi\u00e8re place <br>&#8211; consid\u00e8re la joie de vivre pleinement sa vie, pleinement sa sexualit\u00e9 comme un objectif essentiel pour la r\u00e9alisation de soi<br>&#8211; a une pr\u00e9f\u00e9rence pour un tirage au sort non genr\u00e9 sans exception pour les activit\u00e9s en bin\u00f4me<\/p>\n\n\n\n<p><a href=\"https:\/\/tantra-allegria.fr\/index.php\/adherer-a-lassociation-allegria\/\" data-type=\"page\" data-id=\"247\">Adh\u00e9sion \u00e0 l&#8217;association<\/a><\/p>\n\n\n\n<p><\/p>\n","protected":false},"excerpt":{"rendered":"<p>Pr\u00e9sentation de l&#8217;association L&#8217;association Allegria est une association localis\u00e9e dans le Finist\u00e8re sud. C&#8217;est une association la\u00efque dans la mouvance du n\u00e9o-tantra qui a pour but d\u2019organiser des activit\u00e9s et s\u00e9jours portant sur la d\u00e9couverte de pratiques corporelles et relationnelles comme la danse, le massage et la m\u00e9ditation. Elle est ouverte \u00e0 toutes les personnes &hellip; <a href=\"https:\/\/tantra-allegria.fr\/index.php\/lassociation-tantra-allegria\/\" class=\"more-link\">Continue reading<span class=\"screen-reader-text\"> &#8220;L&#8217;association Allegria&#8221;<\/span><\/a><\/p>\n","protected":false},"author":1,"featured_media":0,"parent":0,"menu_order":0,"comment_status":"closed","ping_status":"closed","template":"","meta":{"footnotes":""},"class_list":["post-5","page","type-page","status-publish","hentry"],"_links":{"self":[{"href":"https:\/\/tantra-allegria.fr\/index.php\/wp-json\/wp\/v2\/pages\/5","targetHints":{"allow":["GET"]}}],"collection":[{"href":"https:\/\/tantra-allegria.fr\/index.php\/wp-json\/wp\/v2\/pages"}],"about":[{"href":"https:\/\/tantra-allegria.fr\/index.php\/wp-json\/wp\/v2\/types\/page"}],"author":[{"embeddable":true,"href":"https:\/\/tantra-allegria.fr\/index.php\/wp-json\/wp\/v2\/users\/1"}],"replies":[{"embeddable":true,"href":"https:\/\/tantra-allegria.fr\/index.php\/wp-json\/wp\/v2\/comments?post=5"}],"version-history":[{"count":17,"href":"https:\/\/tantra-allegria.fr\/index.php\/wp-json\/wp\/v2\/pages\/5\/revisions"}],"predecessor-version":[{"id":249,"href":"https:\/\/tantra-allegria.fr\/index.php\/wp-json\/wp\/v2\/pages\/5\/revisions\/249"}],"wp:attachment":[{"href":"https:\/\/tantra-allegria.fr\/index.php\/wp-json\/wp\/v2\/media?parent=5"}],"curies":[{"name":"wp","href":"https:\/\/api.w.org\/{rel}","templated":true}]}}