{"id":247,"date":"2025-08-18T14:30:26","date_gmt":"2025-08-18T12:30:26","guid":{"rendered":"https:\/\/tantra-allegria.fr\/?page_id=247"},"modified":"2025-12-04T16:13:07","modified_gmt":"2025-12-04T15:13:07","slug":"adherer-a-lassociation-allegria","status":"publish","type":"page","link":"https:\/\/tantra-allegria.fr\/index.php\/adherer-a-lassociation-allegria\/","title":{"rendered":"Adh\u00e9rer \u00e0 l&#8217;association Allegria"},"content":{"rendered":"\n<p><\/p>\n\n\n\n<p>L&#8217;adh\u00e9sion \u00e0 l&#8217;association se fait en remplissant le formulaire \u00e0<\/p>\n\n\n\n<p> <a href=\"https:\/\/framaforms.org\/adhesion-association-allegria-1748879671\">https:\/\/framaforms.org\/adhesion-association-allegria-1748879671<\/a><\/p>\n\n\n\n<p><\/p>\n\n\n\n<p><\/p>\n","protected":false},"excerpt":{"rendered":"<p>L&#8217;adh\u00e9sion \u00e0 l&#8217;association se fait en remplissant le formulaire \u00e0 https:\/\/framaforms.org\/adhesion-association-allegria-1748879671<\/p>\n","protected":false},"author":1,"featured_media":0,"parent":0,"menu_order":0,"comment_status":"closed","ping_status":"closed","template":"","meta":{"footnotes":""},"class_list":["post-247","page","type-page","status-publish","hentry"],"_links":{"self":[{"href":"https:\/\/tantra-allegria.fr\/index.php\/wp-json\/wp\/v2\/pages\/247","targetHints":{"allow":["GET"]}}],"collection":[{"href":"https:\/\/tantra-allegria.fr\/index.php\/wp-json\/wp\/v2\/pages"}],"about":[{"href":"https:\/\/tantra-allegria.fr\/index.php\/wp-json\/wp\/v2\/types\/page"}],"author":[{"embeddable":true,"href":"https:\/\/tantra-allegria.fr\/index.php\/wp-json\/wp\/v2\/users\/1"}],"replies":[{"embeddable":true,"href":"https:\/\/tantra-allegria.fr\/index.php\/wp-json\/wp\/v2\/comments?post=247"}],"version-history":[{"count":4,"href":"https:\/\/tantra-allegria.fr\/index.php\/wp-json\/wp\/v2\/pages\/247\/revisions"}],"predecessor-version":[{"id":294,"href":"https:\/\/tantra-allegria.fr\/index.php\/wp-json\/wp\/v2\/pages\/247\/revisions\/294"}],"wp:attachment":[{"href":"https:\/\/tantra-allegria.fr\/index.php\/wp-json\/wp\/v2\/media?parent=247"}],"curies":[{"name":"wp","href":"https:\/\/api.w.org\/{rel}","templated":true}]}}